{"id":827,"date":"2025-06-09T17:29:35","date_gmt":"2025-06-09T15:29:35","guid":{"rendered":"https:\/\/www.tt-experten.de\/?page_id=827"},"modified":"2025-06-09T17:30:56","modified_gmt":"2025-06-09T15:30:56","slug":"angebote-vereine","status":"publish","type":"page","link":"https:\/\/www.tt-experten.de\/index.php\/angebote-vereine\/","title":{"rendered":"Angebote &#8211; Vereine"},"content":{"rendered":"\n<div class=\"wp-block-group is-content-justification-right is-nowrap is-layout-flex wp-container-core-group-is-layout-17124a9a wp-block-group-is-layout-flex wp-container-1 is-position-sticky\">\n<div class=\"wp-block-buttons is-layout-flex wp-block-buttons-is-layout-flex\">\n<div class=\"wp-block-button\"><a class=\"wp-block-button__link wp-element-button\" href=\"https:\/\/www.tt-experten.de\/index.php\/bestellung\/\">Bestellung aufgeben<\/a><\/div>\n<\/div>\n<\/div>\n\n\n\n<div class=\"wp-block-query is-layout-flow wp-block-query-is-layout-flow\"><ul class=\"wp-block-post-template is-layout-flow wp-block-post-template-is-layout-flow\"><li class=\"wp-block-post post-1385 post type-post status-publish format-standard has-post-thumbnail hentry category-angebote category-sonstiges category-vereine tag-andro-2 tag-angebote tag-schoelermicke tag-tischtennis\">\n\n<div class=\"wp-block-columns alignwide is-layout-flex wp-container-core-columns-is-layout-28f84493 wp-block-columns-is-layout-flex\">\n<div class=\"wp-block-column is-layout-flow wp-block-column-is-layout-flow\" style=\"flex-basis:66.66%\"><figure class=\"wp-block-post-featured-image\"><a href=\"https:\/\/www.tt-experten.de\/index.php\/2026\/04\/02\/andro-zaehlgeraet-fairplay-angebotspreis-2790-euro\/\" target=\"_self\"  ><img loading=\"lazy\" decoding=\"async\" width=\"470\" height=\"325\" src=\"https:\/\/www.tt-experten.de\/wp-content\/uploads\/2026\/04\/Bildschirmfoto_2-4-2026_114752_www.schoeler-micke.de_.jpeg\" class=\"attachment-post-thumbnail size-post-thumbnail wp-post-image\" alt=\"andro Z\u00e4hlger\u00e4t Fairplay Angebotspreis 27,90 Euro\" style=\"object-fit:cover;\" srcset=\"https:\/\/www.tt-experten.de\/wp-content\/uploads\/2026\/04\/Bildschirmfoto_2-4-2026_114752_www.schoeler-micke.de_.jpeg 470w, https:\/\/www.tt-experten.de\/wp-content\/uploads\/2026\/04\/Bildschirmfoto_2-4-2026_114752_www.schoeler-micke.de_-300x207.jpeg 300w\" sizes=\"auto, (max-width: 470px) 100vw, 470px\" \/><\/a><\/figure><\/div>\n\n\n\n<div class=\"wp-block-column is-layout-flow wp-block-column-is-layout-flow\" style=\"flex-basis:33.33%\"><h2 class=\"wp-block-post-title\"><a href=\"https:\/\/www.tt-experten.de\/index.php\/2026\/04\/02\/andro-zaehlgeraet-fairplay-angebotspreis-2790-euro\/\" target=\"_self\" >andro Z\u00e4hlger\u00e4t Fairplay Angebotspreis 27,90 Euro<\/a><\/h2>\n\n<div class=\"wp-block-post-excerpt\"><p class=\"wp-block-post-excerpt__excerpt\"> <\/p><\/div><\/div>\n<\/div>\n\n<\/li><li class=\"wp-block-post post-1311 post type-post status-publish format-standard has-post-thumbnail hentry category-angebote category-vereine tag-angebote tag-schoelermicke tag-tischtennis\">\n\n<div class=\"wp-block-columns alignwide is-layout-flex wp-container-core-columns-is-layout-28f84493 wp-block-columns-is-layout-flex\">\n<div class=\"wp-block-column is-layout-flow wp-block-column-is-layout-flow\" style=\"flex-basis:66.66%\"><figure class=\"wp-block-post-featured-image\"><a href=\"https:\/\/www.tt-experten.de\/index.php\/2026\/03\/03\/joola-netzgarnitur-wm-angebotspreis-4250-euro\/\" target=\"_self\"  ><img loading=\"lazy\" decoding=\"async\" width=\"380\" height=\"282\" src=\"https:\/\/www.tt-experten.de\/wp-content\/uploads\/2026\/03\/wm-netz_400x400.jpg\" class=\"attachment-post-thumbnail size-post-thumbnail wp-post-image\" alt=\"Joola Netzgarnitur WM Angebotspreis 42,50 Euro\" style=\"object-fit:cover;\" srcset=\"https:\/\/www.tt-experten.de\/wp-content\/uploads\/2026\/03\/wm-netz_400x400.jpg 380w, https:\/\/www.tt-experten.de\/wp-content\/uploads\/2026\/03\/wm-netz_400x400-300x223.jpg 300w\" sizes=\"auto, (max-width: 380px) 100vw, 380px\" \/><\/a><\/figure><\/div>\n\n\n\n<div class=\"wp-block-column is-layout-flow wp-block-column-is-layout-flow\" style=\"flex-basis:33.33%\"><h2 class=\"wp-block-post-title\"><a href=\"https:\/\/www.tt-experten.de\/index.php\/2026\/03\/03\/joola-netzgarnitur-wm-angebotspreis-4250-euro\/\" target=\"_self\" >Joola Netzgarnitur WM Angebotspreis 42,50 Euro<\/a><\/h2>\n\n<div class=\"wp-block-post-excerpt\"><p class=\"wp-block-post-excerpt__excerpt\"> <\/p><\/div><\/div>\n<\/div>\n\n<\/li><li class=\"wp-block-post post-1308 post type-post status-publish format-standard has-post-thumbnail hentry category-angebote category-vereine\">\n\n<div class=\"wp-block-columns alignwide is-layout-flex wp-container-core-columns-is-layout-28f84493 wp-block-columns-is-layout-flex\">\n<div class=\"wp-block-column is-layout-flow wp-block-column-is-layout-flow\" style=\"flex-basis:66.66%\"><figure class=\"wp-block-post-featured-image\"><a href=\"https:\/\/www.tt-experten.de\/index.php\/2026\/03\/03\/andro-netz-opus-tt-angebotspreis-5590-euro\/\" target=\"_self\"  ><img loading=\"lazy\" decoding=\"async\" width=\"2560\" height=\"1707\" src=\"https:\/\/www.tt-experten.de\/wp-content\/uploads\/2026\/03\/Netz-OPUS-TT-Detail-72dpi-2-Web-scaled.jpg\" class=\"attachment-post-thumbnail size-post-thumbnail wp-post-image\" alt=\"andro Netz OPUS TT Angebotspreis 55,90 Euro\" style=\"object-fit:cover;\" srcset=\"https:\/\/www.tt-experten.de\/wp-content\/uploads\/2026\/03\/Netz-OPUS-TT-Detail-72dpi-2-Web-scaled.jpg 2560w, https:\/\/www.tt-experten.de\/wp-content\/uploads\/2026\/03\/Netz-OPUS-TT-Detail-72dpi-2-Web-300x200.jpg 300w, https:\/\/www.tt-experten.de\/wp-content\/uploads\/2026\/03\/Netz-OPUS-TT-Detail-72dpi-2-Web-1024x683.jpg 1024w, https:\/\/www.tt-experten.de\/wp-content\/uploads\/2026\/03\/Netz-OPUS-TT-Detail-72dpi-2-Web-768x512.jpg 768w, https:\/\/www.tt-experten.de\/wp-content\/uploads\/2026\/03\/Netz-OPUS-TT-Detail-72dpi-2-Web-1536x1024.jpg 1536w, https:\/\/www.tt-experten.de\/wp-content\/uploads\/2026\/03\/Netz-OPUS-TT-Detail-72dpi-2-Web-2048x1366.jpg 2048w\" sizes=\"auto, (max-width: 2560px) 100vw, 2560px\" \/><\/a><\/figure><\/div>\n\n\n\n<div class=\"wp-block-column is-layout-flow wp-block-column-is-layout-flow\" style=\"flex-basis:33.33%\"><h2 class=\"wp-block-post-title\"><a href=\"https:\/\/www.tt-experten.de\/index.php\/2026\/03\/03\/andro-netz-opus-tt-angebotspreis-5590-euro\/\" target=\"_self\" >andro Netz OPUS TT Angebotspreis 55,90 Euro<\/a><\/h2>\n\n<div class=\"wp-block-post-excerpt\"><p class=\"wp-block-post-excerpt__excerpt\"> <\/p><\/div><\/div>\n<\/div>\n\n<\/li><li class=\"wp-block-post post-1305 post type-post status-publish format-standard has-post-thumbnail hentry category-angebote category-vereine tag-angebote tag-rw tag-sport-schreiner-tt tag-tischtennis\">\n\n<div class=\"wp-block-columns alignwide is-layout-flex wp-container-core-columns-is-layout-28f84493 wp-block-columns-is-layout-flex\">\n<div class=\"wp-block-column is-layout-flow wp-block-column-is-layout-flow\" style=\"flex-basis:66.66%\"><figure class=\"wp-block-post-featured-image\"><a href=\"https:\/\/www.tt-experten.de\/index.php\/2026\/03\/03\/donic-netz-stress-angebotspreis-4690-euro\/\" target=\"_self\"  ><img loading=\"lazy\" decoding=\"async\" width=\"1280\" height=\"1280\" src=\"https:\/\/www.tt-experten.de\/wp-content\/uploads\/2026\/03\/donic-stress_net-donic-net_stress_metallic_silver_blue-web_1280x1280.jpg\" class=\"attachment-post-thumbnail size-post-thumbnail wp-post-image\" alt=\"DONIC Netz STRESS Angebotspreis 46,90 Euro\" style=\"object-fit:cover;\" srcset=\"https:\/\/www.tt-experten.de\/wp-content\/uploads\/2026\/03\/donic-stress_net-donic-net_stress_metallic_silver_blue-web_1280x1280.jpg 1280w, https:\/\/www.tt-experten.de\/wp-content\/uploads\/2026\/03\/donic-stress_net-donic-net_stress_metallic_silver_blue-web_1280x1280-300x300.jpg 300w, https:\/\/www.tt-experten.de\/wp-content\/uploads\/2026\/03\/donic-stress_net-donic-net_stress_metallic_silver_blue-web_1280x1280-1024x1024.jpg 1024w, https:\/\/www.tt-experten.de\/wp-content\/uploads\/2026\/03\/donic-stress_net-donic-net_stress_metallic_silver_blue-web_1280x1280-150x150.jpg 150w, https:\/\/www.tt-experten.de\/wp-content\/uploads\/2026\/03\/donic-stress_net-donic-net_stress_metallic_silver_blue-web_1280x1280-768x768.jpg 768w\" sizes=\"auto, (max-width: 1280px) 100vw, 1280px\" \/><\/a><\/figure><\/div>\n\n\n\n<div class=\"wp-block-column is-layout-flow wp-block-column-is-layout-flow\" style=\"flex-basis:33.33%\"><h2 class=\"wp-block-post-title\"><a href=\"https:\/\/www.tt-experten.de\/index.php\/2026\/03\/03\/donic-netz-stress-angebotspreis-4690-euro\/\" target=\"_self\" >DONIC Netz STRESS Angebotspreis 46,90 Euro<\/a><\/h2>\n\n<div class=\"wp-block-post-excerpt\"><p class=\"wp-block-post-excerpt__excerpt\">Das DONIC Netz Stress ist ein ITTF-zugelassenes Tischtennisnetz.Sehr stabile Stahlblechkonstruktion, kunststoffbeschichtet, gro\u00dfdimensionierte Befestigungsschrauben, sehr haltbar. Netzpfosten in Schwarz und Silbergrau lieferbar, Innennetz in Blau und Gr\u00fcn lieferbar. <\/p><\/div><\/div>\n<\/div>\n\n<\/li><li class=\"wp-block-post post-1301 post type-post status-publish format-standard has-post-thumbnail hentry category-angebote category-vereine tag-angebote tag-tischtennis\">\n\n<div class=\"wp-block-columns alignwide is-layout-flex wp-container-core-columns-is-layout-28f84493 wp-block-columns-is-layout-flex\">\n<div class=\"wp-block-column is-layout-flow wp-block-column-is-layout-flow\" style=\"flex-basis:66.66%\"><figure class=\"wp-block-post-featured-image\"><a href=\"https:\/\/www.tt-experten.de\/index.php\/2026\/03\/03\/joola-spielfeldumrandungen-surround-schwarz-oder-blau-2er-pack-angebotspreis-65-euro\/\" target=\"_self\"  ><img loading=\"lazy\" decoding=\"async\" width=\"1200\" height=\"1200\" src=\"https:\/\/www.tt-experten.de\/wp-content\/uploads\/2026\/03\/Joola-Umrandungen-2er-Pack.webp\" class=\"attachment-post-thumbnail size-post-thumbnail wp-post-image\" alt=\"JOOLA Spielfeldumrandungen Surround Schwarz oder blau &#8211; 2er Pack Angebotspreis 65,- Euro\" style=\"object-fit:cover;\" srcset=\"https:\/\/www.tt-experten.de\/wp-content\/uploads\/2026\/03\/Joola-Umrandungen-2er-Pack.webp 1200w, https:\/\/www.tt-experten.de\/wp-content\/uploads\/2026\/03\/Joola-Umrandungen-2er-Pack-300x300.webp 300w, https:\/\/www.tt-experten.de\/wp-content\/uploads\/2026\/03\/Joola-Umrandungen-2er-Pack-1024x1024.webp 1024w, https:\/\/www.tt-experten.de\/wp-content\/uploads\/2026\/03\/Joola-Umrandungen-2er-Pack-150x150.webp 150w, https:\/\/www.tt-experten.de\/wp-content\/uploads\/2026\/03\/Joola-Umrandungen-2er-Pack-768x768.webp 768w\" sizes=\"auto, (max-width: 1200px) 100vw, 1200px\" \/><\/a><\/figure><\/div>\n\n\n\n<div class=\"wp-block-column is-layout-flow wp-block-column-is-layout-flow\" style=\"flex-basis:33.33%\"><h2 class=\"wp-block-post-title\"><a href=\"https:\/\/www.tt-experten.de\/index.php\/2026\/03\/03\/joola-spielfeldumrandungen-surround-schwarz-oder-blau-2er-pack-angebotspreis-65-euro\/\" target=\"_self\" >JOOLA Spielfeldumrandungen Surround Schwarz oder blau &#8211; 2er Pack Angebotspreis 65,- Euro<\/a><\/h2>\n\n<div class=\"wp-block-post-excerpt\"><p class=\"wp-block-post-excerpt__excerpt\">OOLA Spielfeldumrandungen Schwarz oder blau 200x70cm &#8211; 2er Pack Optimier dein Tischtenniserlebnis mit den neuen JOOLA Spielfeldumrandungen in elegantem Schwarz. Diese Umrandungen vereinen professionelle Stabilit\u00e4t mit einem stylischen \u201eClean\u201c-Look und sind speziell f\u00fcr h\u00f6chste Anspr\u00fcche konzipiert. <\/p><\/div><\/div>\n<\/div>\n\n<\/li><li class=\"wp-block-post post-1298 post type-post status-publish format-standard has-post-thumbnail hentry category-angebote category-vereine tag-angebote tag-rw tag-sport-schreiner-tt tag-tischtennis\">\n\n<div class=\"wp-block-columns alignwide is-layout-flex wp-container-core-columns-is-layout-28f84493 wp-block-columns-is-layout-flex\">\n<div class=\"wp-block-column is-layout-flow wp-block-column-is-layout-flow\" style=\"flex-basis:66.66%\"><figure class=\"wp-block-post-featured-image\"><a href=\"https:\/\/www.tt-experten.de\/index.php\/2026\/03\/03\/donic-umrandungen-basic-10er-pack-angebotspreis-329-euro\/\" target=\"_self\"  ><img loading=\"lazy\" decoding=\"async\" width=\"1280\" height=\"1280\" src=\"https:\/\/www.tt-experten.de\/wp-content\/uploads\/2026\/03\/donic-surrounds-_blue_black_1280x1280.jpg\" class=\"attachment-post-thumbnail size-post-thumbnail wp-post-image\" alt=\"DONIC Umrandungen Basic 10er Pack Angebotspreis 329,- Euro\" style=\"object-fit:cover;\" srcset=\"https:\/\/www.tt-experten.de\/wp-content\/uploads\/2026\/03\/donic-surrounds-_blue_black_1280x1280.jpg 1280w, https:\/\/www.tt-experten.de\/wp-content\/uploads\/2026\/03\/donic-surrounds-_blue_black_1280x1280-300x300.jpg 300w, https:\/\/www.tt-experten.de\/wp-content\/uploads\/2026\/03\/donic-surrounds-_blue_black_1280x1280-1024x1024.jpg 1024w, https:\/\/www.tt-experten.de\/wp-content\/uploads\/2026\/03\/donic-surrounds-_blue_black_1280x1280-150x150.jpg 150w, https:\/\/www.tt-experten.de\/wp-content\/uploads\/2026\/03\/donic-surrounds-_blue_black_1280x1280-768x768.jpg 768w\" sizes=\"auto, (max-width: 1280px) 100vw, 1280px\" \/><\/a><\/figure><\/div>\n\n\n\n<div class=\"wp-block-column is-layout-flow wp-block-column-is-layout-flow\" style=\"flex-basis:33.33%\"><h2 class=\"wp-block-post-title\"><a href=\"https:\/\/www.tt-experten.de\/index.php\/2026\/03\/03\/donic-umrandungen-basic-10er-pack-angebotspreis-329-euro\/\" target=\"_self\" >DONIC Umrandungen Basic 10er Pack Angebotspreis 329,- Euro<\/a><\/h2>\n\n<div class=\"wp-block-post-excerpt\"><p class=\"wp-block-post-excerpt__excerpt\">Sonderpreis DONIC &#8211; Umrandungen im 10er Pack Die DONIC Umrandungen sind die optimale L\u00f6sung f\u00fcr das begrenzen des Spielfeldes.Die durchdachte Konstruktion mit einem Epoxy lackierten Stahlrahmen bietet h\u00f6chste Stabilit\u00e4t, leicht und doch robust.Die breiten Standf\u00fc\u00dfe bieten h\u00f6chste Standfestigkeit.Die Umrandung k\u00f6nnen Sie wahlweise mit dunkelgr\u00fcner Bespannung und hellgr\u00fcner Beschriftung oder mit dunkelblauer Bespannung und hellblauer Beschriftung&hellip; <\/p><\/div><\/div>\n<\/div>\n\n<\/li><li class=\"wp-block-post post-1292 post type-post status-publish format-standard has-post-thumbnail hentry category-angebote category-vereine tag-andro-2 tag-angebote tag-rw tag-tischtennis\">\n\n<div class=\"wp-block-columns alignwide is-layout-flex wp-container-core-columns-is-layout-28f84493 wp-block-columns-is-layout-flex\">\n<div class=\"wp-block-column is-layout-flow wp-block-column-is-layout-flow\" style=\"flex-basis:66.66%\"><figure class=\"wp-block-post-featured-image\"><a href=\"https:\/\/www.tt-experten.de\/index.php\/2026\/03\/03\/andro-umrandung-stabilo-233-x-073-gruen-oder-blau-5er-pack-angebotspreis-209-euro\/\" target=\"_self\"  ><img loading=\"lazy\" decoding=\"async\" width=\"400\" height=\"267\" src=\"https:\/\/www.tt-experten.de\/wp-content\/uploads\/2026\/03\/umrandung-2018-gruen-final-72dpi-rgb-webshopNXa7icwv9y9j9_400x400.jpg\" class=\"attachment-post-thumbnail size-post-thumbnail wp-post-image\" alt=\"andro Umrandung Stabilo (2,33 x 0,73 gr\u00fcn oder blau) 5er Pack Angebotspreis 209,- Euro\" style=\"object-fit:cover;\" srcset=\"https:\/\/www.tt-experten.de\/wp-content\/uploads\/2026\/03\/umrandung-2018-gruen-final-72dpi-rgb-webshopNXa7icwv9y9j9_400x400.jpg 400w, https:\/\/www.tt-experten.de\/wp-content\/uploads\/2026\/03\/umrandung-2018-gruen-final-72dpi-rgb-webshopNXa7icwv9y9j9_400x400-300x200.jpg 300w\" sizes=\"auto, (max-width: 400px) 100vw, 400px\" \/><\/a><\/figure><\/div>\n\n\n\n<div class=\"wp-block-column is-layout-flow wp-block-column-is-layout-flow\" style=\"flex-basis:33.33%\"><h2 class=\"wp-block-post-title\"><a href=\"https:\/\/www.tt-experten.de\/index.php\/2026\/03\/03\/andro-umrandung-stabilo-233-x-073-gruen-oder-blau-5er-pack-angebotspreis-209-euro\/\" target=\"_self\" >andro Umrandung Stabilo (2,33 x 0,73 gr\u00fcn oder blau) 5er Pack Angebotspreis 209,- Euro<\/a><\/h2>\n\n<div class=\"wp-block-post-excerpt\"><p class=\"wp-block-post-excerpt__excerpt\">Das andro Stabilo-Doppelrohr-System bietet im Vereinsbetrieb in der Stabilit\u00e4t und Haltbarkeit optimale Voraussetzungen. Die sehr robuste Ausf\u00fchrung garantiert eine optimale Optik, auch bei t\u00e4glicher Nutzung. Die Doppelrohr- Verstrebung verhindert ein Durchh\u00e4ngen im Mittelteil der Umrandung. Einseitiger andro-Aufdruck <\/p><\/div><\/div>\n<\/div>\n\n<\/li><\/ul><\/div>\n","protected":false},"excerpt":{"rendered":"","protected":false},"author":1,"featured_media":0,"parent":0,"menu_order":0,"comment_status":"closed","ping_status":"closed","template":"","meta":{"footnotes":""},"class_list":["post-827","page","type-page","status-publish","hentry"],"yoast_head":"<!-- This site is optimized with the Yoast SEO plugin v27.3 - https:\/\/yoast.com\/product\/yoast-seo-wordpress\/ -->\n<title>Angebote - Vereine - TT-Experten Ro\u00dfkopf &amp; Wei\u00dfbach<\/title>\n<meta name=\"description\" content=\"Finde tolle Angebote bei Tischtennis Ro\u00dfkopf Wei\u00dfbach Verein Vereine Vereinsbdarf Ligabetrieb Meisterschaft Bl\u00f6cke Banden\" \/>\n<meta name=\"robots\" content=\"index, follow, max-snippet:-1, max-image-preview:large, max-video-preview:-1\" \/>\n<link rel=\"canonical\" href=\"https:\/\/www.tt-experten.de\/index.php\/angebote-vereine\/\" \/>\n<meta property=\"og:locale\" content=\"de_DE\" \/>\n<meta property=\"og:type\" content=\"article\" \/>\n<meta property=\"og:title\" content=\"Angebote - Vereine - TT-Experten Ro\u00dfkopf &amp; Wei\u00dfbach\" \/>\n<meta property=\"og:description\" content=\"Finde tolle Angebote bei Tischtennis Ro\u00dfkopf Wei\u00dfbach Verein Vereine Vereinsbdarf Ligabetrieb Meisterschaft Bl\u00f6cke Banden\" \/>\n<meta property=\"og:url\" content=\"https:\/\/www.tt-experten.de\/index.php\/angebote-vereine\/\" \/>\n<meta property=\"og:site_name\" content=\"TT-Experten Ro\u00dfkopf &amp; Wei\u00dfbach\" \/>\n<meta property=\"article:publisher\" content=\"https:\/\/www.facebook.com\/ttexpertenkoeln\" \/>\n<meta property=\"article:modified_time\" content=\"2025-06-09T15:30:56+00:00\" \/>\n<meta name=\"twitter:card\" content=\"summary_large_image\" \/>\n<meta name=\"twitter:label1\" content=\"Gesch\u00e4tzte Lesezeit\" \/>\n\t<meta name=\"twitter:data1\" content=\"1\u00a0Minute\" \/>\n<script type=\"application\/ld+json\" class=\"yoast-schema-graph\">{\"@context\":\"https:\\\/\\\/schema.org\",\"@graph\":[{\"@type\":\"WebPage\",\"@id\":\"https:\\\/\\\/www.tt-experten.de\\\/index.php\\\/angebote-vereine\\\/\",\"url\":\"https:\\\/\\\/www.tt-experten.de\\\/index.php\\\/angebote-vereine\\\/\",\"name\":\"Angebote - Vereine - TT-Experten Ro\u00dfkopf &amp; Wei\u00dfbach\",\"isPartOf\":{\"@id\":\"https:\\\/\\\/www.tt-experten.de\\\/#website\"},\"datePublished\":\"2025-06-09T15:29:35+00:00\",\"dateModified\":\"2025-06-09T15:30:56+00:00\",\"description\":\"Finde tolle Angebote bei Tischtennis Ro\u00dfkopf Wei\u00dfbach Verein Vereine Vereinsbdarf Ligabetrieb Meisterschaft Bl\u00f6cke Banden\",\"breadcrumb\":{\"@id\":\"https:\\\/\\\/www.tt-experten.de\\\/index.php\\\/angebote-vereine\\\/#breadcrumb\"},\"inLanguage\":\"de\",\"potentialAction\":[{\"@type\":\"ReadAction\",\"target\":[\"https:\\\/\\\/www.tt-experten.de\\\/index.php\\\/angebote-vereine\\\/\"]}]},{\"@type\":\"BreadcrumbList\",\"@id\":\"https:\\\/\\\/www.tt-experten.de\\\/index.php\\\/angebote-vereine\\\/#breadcrumb\",\"itemListElement\":[{\"@type\":\"ListItem\",\"position\":1,\"name\":\"Home\",\"item\":\"https:\\\/\\\/www.tt-experten.de\\\/\"},{\"@type\":\"ListItem\",\"position\":2,\"name\":\"Angebote &#8211; Vereine\"}]},{\"@type\":\"WebSite\",\"@id\":\"https:\\\/\\\/www.tt-experten.de\\\/#website\",\"url\":\"https:\\\/\\\/www.tt-experten.de\\\/\",\"name\":\"TT-Experten Ro\u00dfkopf & Wei\u00dfbach\",\"description\":\"Tischtennis f\u00fcr Alle\",\"publisher\":{\"@id\":\"https:\\\/\\\/www.tt-experten.de\\\/#organization\"},\"alternateName\":\"TT-Experten\",\"potentialAction\":[{\"@type\":\"SearchAction\",\"target\":{\"@type\":\"EntryPoint\",\"urlTemplate\":\"https:\\\/\\\/www.tt-experten.de\\\/?s={search_term_string}\"},\"query-input\":{\"@type\":\"PropertyValueSpecification\",\"valueRequired\":true,\"valueName\":\"search_term_string\"}}],\"inLanguage\":\"de\"},{\"@type\":\"Organization\",\"@id\":\"https:\\\/\\\/www.tt-experten.de\\\/#organization\",\"name\":\"TT-Experten Ro\u00dfkopf & Wei\u00dfbach\",\"url\":\"https:\\\/\\\/www.tt-experten.de\\\/\",\"logo\":{\"@type\":\"ImageObject\",\"inLanguage\":\"de\",\"@id\":\"https:\\\/\\\/www.tt-experten.de\\\/#\\\/schema\\\/logo\\\/image\\\/\",\"url\":\"https:\\\/\\\/www.tt-experten.de\\\/wp-content\\\/uploads\\\/2024\\\/03\\\/cropped-schoeler_micke_partner_blue.png\",\"contentUrl\":\"https:\\\/\\\/www.tt-experten.de\\\/wp-content\\\/uploads\\\/2024\\\/03\\\/cropped-schoeler_micke_partner_blue.png\",\"width\":160,\"height\":110,\"caption\":\"TT-Experten Ro\u00dfkopf & Wei\u00dfbach\"},\"image\":{\"@id\":\"https:\\\/\\\/www.tt-experten.de\\\/#\\\/schema\\\/logo\\\/image\\\/\"},\"sameAs\":[\"https:\\\/\\\/www.facebook.com\\\/ttexpertenkoeln\",\"https:\\\/\\\/www.instagram.com\\\/tt.experten.rosskopf.weissbach\\\/\"]}]}<\/script>\n<!-- \/ Yoast SEO plugin. -->","yoast_head_json":{"title":"Angebote - Vereine - TT-Experten Ro\u00dfkopf &amp; Wei\u00dfbach","description":"Finde tolle Angebote bei Tischtennis Ro\u00dfkopf Wei\u00dfbach Verein Vereine Vereinsbdarf Ligabetrieb Meisterschaft Bl\u00f6cke Banden","robots":{"index":"index","follow":"follow","max-snippet":"max-snippet:-1","max-image-preview":"max-image-preview:large","max-video-preview":"max-video-preview:-1"},"canonical":"https:\/\/www.tt-experten.de\/index.php\/angebote-vereine\/","og_locale":"de_DE","og_type":"article","og_title":"Angebote - Vereine - TT-Experten Ro\u00dfkopf &amp; Wei\u00dfbach","og_description":"Finde tolle Angebote bei Tischtennis Ro\u00dfkopf Wei\u00dfbach Verein Vereine Vereinsbdarf Ligabetrieb Meisterschaft Bl\u00f6cke Banden","og_url":"https:\/\/www.tt-experten.de\/index.php\/angebote-vereine\/","og_site_name":"TT-Experten Ro\u00dfkopf &amp; Wei\u00dfbach","article_publisher":"https:\/\/www.facebook.com\/ttexpertenkoeln","article_modified_time":"2025-06-09T15:30:56+00:00","twitter_card":"summary_large_image","twitter_misc":{"Gesch\u00e4tzte Lesezeit":"1\u00a0Minute"},"schema":{"@context":"https:\/\/schema.org","@graph":[{"@type":"WebPage","@id":"https:\/\/www.tt-experten.de\/index.php\/angebote-vereine\/","url":"https:\/\/www.tt-experten.de\/index.php\/angebote-vereine\/","name":"Angebote - Vereine - TT-Experten Ro\u00dfkopf &amp; Wei\u00dfbach","isPartOf":{"@id":"https:\/\/www.tt-experten.de\/#website"},"datePublished":"2025-06-09T15:29:35+00:00","dateModified":"2025-06-09T15:30:56+00:00","description":"Finde tolle Angebote bei Tischtennis Ro\u00dfkopf Wei\u00dfbach Verein Vereine Vereinsbdarf Ligabetrieb Meisterschaft Bl\u00f6cke Banden","breadcrumb":{"@id":"https:\/\/www.tt-experten.de\/index.php\/angebote-vereine\/#breadcrumb"},"inLanguage":"de","potentialAction":[{"@type":"ReadAction","target":["https:\/\/www.tt-experten.de\/index.php\/angebote-vereine\/"]}]},{"@type":"BreadcrumbList","@id":"https:\/\/www.tt-experten.de\/index.php\/angebote-vereine\/#breadcrumb","itemListElement":[{"@type":"ListItem","position":1,"name":"Home","item":"https:\/\/www.tt-experten.de\/"},{"@type":"ListItem","position":2,"name":"Angebote &#8211; Vereine"}]},{"@type":"WebSite","@id":"https:\/\/www.tt-experten.de\/#website","url":"https:\/\/www.tt-experten.de\/","name":"TT-Experten Ro\u00dfkopf & Wei\u00dfbach","description":"Tischtennis f\u00fcr Alle","publisher":{"@id":"https:\/\/www.tt-experten.de\/#organization"},"alternateName":"TT-Experten","potentialAction":[{"@type":"SearchAction","target":{"@type":"EntryPoint","urlTemplate":"https:\/\/www.tt-experten.de\/?s={search_term_string}"},"query-input":{"@type":"PropertyValueSpecification","valueRequired":true,"valueName":"search_term_string"}}],"inLanguage":"de"},{"@type":"Organization","@id":"https:\/\/www.tt-experten.de\/#organization","name":"TT-Experten Ro\u00dfkopf & Wei\u00dfbach","url":"https:\/\/www.tt-experten.de\/","logo":{"@type":"ImageObject","inLanguage":"de","@id":"https:\/\/www.tt-experten.de\/#\/schema\/logo\/image\/","url":"https:\/\/www.tt-experten.de\/wp-content\/uploads\/2024\/03\/cropped-schoeler_micke_partner_blue.png","contentUrl":"https:\/\/www.tt-experten.de\/wp-content\/uploads\/2024\/03\/cropped-schoeler_micke_partner_blue.png","width":160,"height":110,"caption":"TT-Experten Ro\u00dfkopf & Wei\u00dfbach"},"image":{"@id":"https:\/\/www.tt-experten.de\/#\/schema\/logo\/image\/"},"sameAs":["https:\/\/www.facebook.com\/ttexpertenkoeln","https:\/\/www.instagram.com\/tt.experten.rosskopf.weissbach\/"]}]}},"_links":{"self":[{"href":"https:\/\/www.tt-experten.de\/index.php\/wp-json\/wp\/v2\/pages\/827","targetHints":{"allow":["GET"]}}],"collection":[{"href":"https:\/\/www.tt-experten.de\/index.php\/wp-json\/wp\/v2\/pages"}],"about":[{"href":"https:\/\/www.tt-experten.de\/index.php\/wp-json\/wp\/v2\/types\/page"}],"author":[{"embeddable":true,"href":"https:\/\/www.tt-experten.de\/index.php\/wp-json\/wp\/v2\/users\/1"}],"replies":[{"embeddable":true,"href":"https:\/\/www.tt-experten.de\/index.php\/wp-json\/wp\/v2\/comments?post=827"}],"version-history":[{"count":1,"href":"https:\/\/www.tt-experten.de\/index.php\/wp-json\/wp\/v2\/pages\/827\/revisions"}],"predecessor-version":[{"id":828,"href":"https:\/\/www.tt-experten.de\/index.php\/wp-json\/wp\/v2\/pages\/827\/revisions\/828"}],"wp:attachment":[{"href":"https:\/\/www.tt-experten.de\/index.php\/wp-json\/wp\/v2\/media?parent=827"}],"curies":[{"name":"wp","href":"https:\/\/api.w.org\/{rel}","templated":true}]}}