{"id":201,"date":"2024-06-22T15:15:45","date_gmt":"2024-06-22T13:15:45","guid":{"rendered":"https:\/\/www.tt-experten.de\/new1\/?page_id=201"},"modified":"2024-07-04T15:40:56","modified_gmt":"2024-07-04T13:40:56","slug":"impressum","status":"publish","type":"page","link":"https:\/\/www.tt-experten.de\/index.php\/impressum\/","title":{"rendered":"Impressum"},"content":{"rendered":"\n<p>Angaben gem\u00e4\u00df \u00a7 5 TMG:<\/p>\n\n\n\n<p>Thomas Ro\u00dfkopf<br>Gravenreuthstr. 25<br>50823 K\u00f6ln<\/p>\n\n\n\n<p>Vertreten durch:Herr Thomas Ro\u00dfkopf<\/p>\n\n\n\n<p>Kontakt:Telefon: +49 (0) 221 550 63 45<br>Internet: www.tt-experten.de<br>E-Mail: info@tt-experten.de<\/p>\n\n\n\n<p>Umsatzsteuer-ID:<\/p>\n\n\n\n<p>Umsatzsteuer-Identifikationsnummer gem\u00e4\u00df \u00a727 a Umsatzsteuergesetz:<br>DE 122 877 592<\/p>\n\n\n\n<p>Aufsichtsbeh\u00f6rde:Amtsgericht K\u00f6ln<\/p>\n\n\n\n<p>Erf\u00fcllungsort &amp; Gerichtsstand:K\u00f6ln (Deutschland) [Cologne\/Germany]<\/p>\n\n\n\n<p>Die EU-Kommission stellt eine Plattform f\u00fcr au\u00dfergerichtliche Streitschlichtungen bereit. Verbrauchern und H\u00e4ndlern gibt dies die M\u00f6glichkeit, Streitigkeiten im Zusammenhang mit Deiner Online-Bestellung zun\u00e4chst ohne die Einschaltung eines Gerichts zu kl\u00e4ren. Die Streitbeilegungs-Plattform erreichst du unter dem externen Link&nbsp;<a href=\"http:\/\/ec.europa.eu\/consumers\/odr\/\" target=\"_blank\" rel=\"noreferrer noopener\">http:\/\/ec.europa.eu\/consumers\/odr\/<\/a>.<\/p>\n\n\n\n<p>Verantwortlich f\u00fcr den Inhalt nach \u00a7 55 Abs. 2 RStV:Thomas Ro\u00dfkopf<br>Gravenreuthstr. 25<br>50823 K\u00f6ln<\/p>\n\n\n\n<p>Quelle:&nbsp;<em><a href=\"http:\/\/www.e-recht24.de\/impressum-generator.html\" target=\"_blank\" rel=\"noreferrer noopener\">http:\/\/www.e-recht24.de<\/a><\/em><\/p>\n\n\n\n<hr class=\"wp-block-separator has-alpha-channel-opacity\"\/>\n\n\n\n<p class=\"has-large-font-size\"><strong>Haftungsausschuss (Disclaimer)<\/strong><\/p>\n\n\n\n<hr class=\"wp-block-separator has-alpha-channel-opacity is-style-wide\"\/>\n\n\n\n<p><strong>Haftung f\u00fcr Inhalte<\/strong><\/p>\n\n\n\n<p>Als Diensteanbieter sind wir gem\u00e4\u00df \u00a7 7 Abs.1 TMG f\u00fcr eigene Inhalte auf diesen Seiten nach den allgemeinen Gesetzen verantwortlich. Nach \u00a7\u00a7 8 bis 10 TMG sind wir als Diensteanbieter jedoch nicht verpflichtet, \u00fcbermittelte oder gespeicherte fremde Informationen zu \u00fcberwachen oder nach Umst\u00e4nden zu forschen, die auf eine rechtswidrige T\u00e4tigkeit hinweisen.<br>Verpflichtungen zur Entfernung oder Sperrung der Nutzung von Informationen nach den allgemeinen Gesetzen bleiben hiervon unber\u00fchrt. Eine diesbez\u00fcgliche Haftung ist jedoch erst ab dem Zeitpunkt der Kenntnis einer konkreten Rechtsverletzung m\u00f6glich. Bei Bekanntwerden von entsprechenden Rechtsverletzungen werden wir diese Inhalte umgehend entfernen.<\/p>\n\n\n\n<p><\/p>\n\n\n\n<p><strong>Haftung f\u00fcr Links<\/strong><\/p>\n\n\n\n<p>Unser Angebot enth\u00e4lt Links zu externen Webseiten Dritter, auf deren Inhalte wir keinen Einfluss haben. Deshalb k\u00f6nnen wir f\u00fcr diese fremden Inhalte auch keine Gew\u00e4hr \u00fcbernehmen. F\u00fcr die Inhalte der verlinkten Seiten ist stets der jeweilige Anbieter oder Betreiber der Seiten verantwortlich. Die verlinkten Seiten wurden zum Zeitpunkt der Verlinkung auf m\u00f6gliche Rechtsverst\u00f6\u00dfe \u00fcberpr\u00fcft. Rechtswidrige Inhalte waren zum Zeitpunkt der Verlinkung nicht erkennbar.<\/p>\n\n\n\n<p>Eine permanente inhaltliche Kontrolle der verlinkten Seiten ist jedoch ohne konkrete Anhaltspunkte einer Rechtsverletzung nicht zumutbar. Bei Bekanntwerden von Rechtsverletzungen werden wir derartige Links umgehend entfernen.<\/p>\n\n\n\n<p><\/p>\n\n\n\n<p><strong>Urheberrecht<\/strong><\/p>\n\n\n\n<p>Die durch die Seitenbetreiber erstellten Inhalte und Werke auf diesen Seiten unterliegen dem deutschen Urheberrecht. Die Vervielf\u00e4ltigung, Bearbeitung, Verbreitung und jede Art der Verwertung au\u00dferhalb der Grenzen des Urheberrechtes bed\u00fcrfen der schriftlichen Zustimmung des jeweiligen Autors bzw. Erstellers. Downloads und Kopien dieser Seite sind nur f\u00fcr den privaten, nicht kommerziellen Gebrauch gestattet.<\/p>\n\n\n\n<p>Soweit die Inhalte auf dieser Seite nicht vom Betreiber erstellt wurden, werden die Urheberrechte Dritter beachtet. Insbesondere werden Inhalte Dritter als solche gekennzeichnet. Sollten Sie trotzdem auf eine Urheberrechtsverletzung aufmerksam werden, bitten wir um einen entsprechenden Hinweis. Bei Bekanntwerden von Rechtsverletzungen werden wir derartige Inhalte umgehend entfernen.<\/p>\n\n\n\n<p>Bitte beachten Sie auch unsere\u00a0<a href=\"https:\/\/www.tt-experten.de\/index.php\/agb\/\" data-type=\"page\" data-id=\"203\">AGBs<\/a>, sowie unsere\u00a0<a href=\"https:\/\/www.tt-experten.de\/index.php\/datenschutzerklarung\/\" data-type=\"page\" data-id=\"206\">Datenschutzerkl\u00e4rung<\/a>.<\/p>\n\n\n\n<p><\/p>\n\n\n\n<p class=\"has-large-font-size\"><strong>Rechtlicher Hinweis<\/strong><\/p>\n\n\n\n<hr class=\"wp-block-separator has-alpha-channel-opacity is-style-wide\"\/>\n\n\n\n<p><strong>Terminologie<\/strong><\/p>\n\n\n\n<p>Mit &#8211;&nbsp;<em>unsere Webseite<\/em>&nbsp;&#8211; bezeichnen wir im Folgenden die Gesamtheit aller Seiten und Dateien unterhalb der Domain www.tt-experten.de. Inhaber der Domain ist Thomas Ro\u00dfkopf.<\/p>\n\n\n\n<p>Mit &#8211;&nbsp;<em>Inhalten (unserer Webseite)<\/em>&nbsp;&#8211; bezeichen wir im Folgenden sowohl Informationen, Angaben, Aussagen, Empfehlungen und Daten unserer Webseite in jeglicher Form (schriftlich, grafisch etc.), als auch Dateien wie Programme, Dokumente, Bilder etc., welche \u00fcber unsere Webseite bezogen bzw. verwendet werden k\u00f6nnen (z.B. als sog. Downloads durch Herunterladen oder aber auch durch serverseitige Skripte wie CGIs etc. etc.).<\/p>\n\n\n\n<p><\/p>\n\n\n\n<p><strong>Nutzungsbedingungen<\/strong><\/p>\n\n\n\n<p>Eine Nutzung unserer Webseite setzt die Zurkenntnisnahme und Anerkennung der folgenden Nutzungsbedingungen und Hinweise durch den Benutzer voraus. Beachten Sie bitte ebenfalls unser\u00a0<a href=\"https:\/\/www.tt-experten.de\/index.php\/impressum\/\" data-type=\"page\" data-id=\"201\">Impressum<\/a>, sowie unsere\u00a0<a href=\"https:\/\/www.tt-experten.de\/index.php\/agb\/\" data-type=\"page\" data-id=\"203\">AGBs<\/a>.<\/p>\n\n\n\n<p><\/p>\n\n\n\n<p>PreiseEine Nutzung unserer Webseite setzt die Zurkenntnisnahme und Anerkennung der folgenden Nutzungsbedingungen und Hinweise durch den Benutzer voraus. Beachten Sie bitte ebenfalls unser\u00a0<a href=\"https:\/\/www.tt-experten.de\/index.php\/impressum\/\" data-type=\"page\" data-id=\"201\">Impressum<\/a>, sowie unsere\u00a0<a href=\"https:\/\/www.tt-experten.de\/index.php\/agb\/\" data-type=\"page\" data-id=\"203\">AGBs<\/a>.<\/p>\n\n\n\n<p><\/p>\n\n\n\n<p><strong>Preise<\/strong><\/p>\n\n\n\n<p>Alle unsere Preise verstehen sich &#8211; soweit nicht ausdr\u00fccklich auf etwas anderes hingewiesen wird &#8211; als Bruttopreise (also inkl. der gesetzlichen Mehrwertsteuer). Trotz gr\u00f6\u00dfter Sorgfalt bei der Erstellung unserer Webseite, sind Irrt\u00fcmer vorbehalten. Es besteht kein Anspruch auf den Erwerb eines Artikels zu einem auf dieser Webseite durch Irrtum etc. falsch angegebenen Preis.<\/p>\n\n\n\n<p><\/p>\n\n\n\n<p><strong>Markenzeichen<\/strong><\/p>\n\n\n\n<p>Die Tatsache, da\u00df ein Begriff oder eine Bezeichnung auf unserer Webseite nicht als Marke oder Warenzeichen gekennzeichnet ist, l\u00e4sst nicht den Schlu\u00df zu, dass es sich nicht evtl. doch um eine Marke oder ein Warenzeichen handelt. Gleiches gilt f\u00fcr Patente, Gebrauchsmuster und andere Schutzformen.<\/p>\n","protected":false},"excerpt":{"rendered":"<p>Angaben gem\u00e4\u00df \u00a7 5 TMG: Thomas Ro\u00dfkopfGravenreuthstr. 2550823 K\u00f6ln Vertreten durch:Herr Thomas Ro\u00dfkopf Kontakt:Telefon: +49 (0) 221 550 63 45Internet: www.tt-experten.deE-Mail: info@tt-experten.de Umsatzsteuer-ID: Umsatzsteuer-Identifikationsnummer gem\u00e4\u00df \u00a727 a Umsatzsteuergesetz:DE 122 877 592 Aufsichtsbeh\u00f6rde:Amtsgericht K\u00f6ln Erf\u00fcllungsort &amp; Gerichtsstand:K\u00f6ln (Deutschland) [Cologne\/Germany] Die EU-Kommission stellt eine Plattform f\u00fcr au\u00dfergerichtliche Streitschlichtungen bereit. Verbrauchern und H\u00e4ndlern gibt dies die M\u00f6glichkeit, Streitigkeiten [&hellip;]<\/p>\n","protected":false},"author":1,"featured_media":0,"parent":0,"menu_order":0,"comment_status":"closed","ping_status":"closed","template":"","meta":{"footnotes":""},"class_list":["post-201","page","type-page","status-publish","hentry"],"yoast_head":"<!-- This site is optimized with the Yoast SEO plugin v27.3 - https:\/\/yoast.com\/product\/yoast-seo-wordpress\/ -->\n<title>Impressum - TT-Experten Ro\u00dfkopf &amp; Wei\u00dfbach<\/title>\n<meta name=\"description\" content=\"Impressum\" \/>\n<meta name=\"robots\" content=\"index, follow, max-snippet:-1, max-image-preview:large, max-video-preview:-1\" \/>\n<link rel=\"canonical\" href=\"https:\/\/www.tt-experten.de\/index.php\/impressum\/\" \/>\n<meta property=\"og:locale\" content=\"de_DE\" \/>\n<meta property=\"og:type\" content=\"article\" \/>\n<meta property=\"og:title\" content=\"Impressum - TT-Experten Ro\u00dfkopf &amp; Wei\u00dfbach\" \/>\n<meta property=\"og:description\" content=\"Impressum\" \/>\n<meta property=\"og:url\" content=\"https:\/\/www.tt-experten.de\/index.php\/impressum\/\" \/>\n<meta property=\"og:site_name\" content=\"TT-Experten Ro\u00dfkopf &amp; Wei\u00dfbach\" \/>\n<meta property=\"article:publisher\" content=\"https:\/\/www.facebook.com\/ttexpertenkoeln\" \/>\n<meta property=\"article:modified_time\" content=\"2024-07-04T13:40:56+00:00\" \/>\n<meta name=\"twitter:card\" content=\"summary_large_image\" \/>\n<meta name=\"twitter:label1\" content=\"Gesch\u00e4tzte Lesezeit\" \/>\n\t<meta name=\"twitter:data1\" content=\"3\u00a0Minuten\" \/>\n<script type=\"application\/ld+json\" class=\"yoast-schema-graph\">{\"@context\":\"https:\\\/\\\/schema.org\",\"@graph\":[{\"@type\":\"WebPage\",\"@id\":\"https:\\\/\\\/www.tt-experten.de\\\/index.php\\\/impressum\\\/\",\"url\":\"https:\\\/\\\/www.tt-experten.de\\\/index.php\\\/impressum\\\/\",\"name\":\"Impressum - TT-Experten Ro\u00dfkopf &amp; Wei\u00dfbach\",\"isPartOf\":{\"@id\":\"https:\\\/\\\/www.tt-experten.de\\\/#website\"},\"datePublished\":\"2024-06-22T13:15:45+00:00\",\"dateModified\":\"2024-07-04T13:40:56+00:00\",\"description\":\"Impressum\",\"breadcrumb\":{\"@id\":\"https:\\\/\\\/www.tt-experten.de\\\/index.php\\\/impressum\\\/#breadcrumb\"},\"inLanguage\":\"de\",\"potentialAction\":[{\"@type\":\"ReadAction\",\"target\":[\"https:\\\/\\\/www.tt-experten.de\\\/index.php\\\/impressum\\\/\"]}]},{\"@type\":\"BreadcrumbList\",\"@id\":\"https:\\\/\\\/www.tt-experten.de\\\/index.php\\\/impressum\\\/#breadcrumb\",\"itemListElement\":[{\"@type\":\"ListItem\",\"position\":1,\"name\":\"Home\",\"item\":\"https:\\\/\\\/www.tt-experten.de\\\/\"},{\"@type\":\"ListItem\",\"position\":2,\"name\":\"Impressum\"}]},{\"@type\":\"WebSite\",\"@id\":\"https:\\\/\\\/www.tt-experten.de\\\/#website\",\"url\":\"https:\\\/\\\/www.tt-experten.de\\\/\",\"name\":\"TT-Experten Ro\u00dfkopf & Wei\u00dfbach\",\"description\":\"Tischtennis f\u00fcr Alle\",\"publisher\":{\"@id\":\"https:\\\/\\\/www.tt-experten.de\\\/#organization\"},\"alternateName\":\"TT-Experten\",\"potentialAction\":[{\"@type\":\"SearchAction\",\"target\":{\"@type\":\"EntryPoint\",\"urlTemplate\":\"https:\\\/\\\/www.tt-experten.de\\\/?s={search_term_string}\"},\"query-input\":{\"@type\":\"PropertyValueSpecification\",\"valueRequired\":true,\"valueName\":\"search_term_string\"}}],\"inLanguage\":\"de\"},{\"@type\":\"Organization\",\"@id\":\"https:\\\/\\\/www.tt-experten.de\\\/#organization\",\"name\":\"TT-Experten Ro\u00dfkopf & Wei\u00dfbach\",\"url\":\"https:\\\/\\\/www.tt-experten.de\\\/\",\"logo\":{\"@type\":\"ImageObject\",\"inLanguage\":\"de\",\"@id\":\"https:\\\/\\\/www.tt-experten.de\\\/#\\\/schema\\\/logo\\\/image\\\/\",\"url\":\"https:\\\/\\\/www.tt-experten.de\\\/wp-content\\\/uploads\\\/2024\\\/03\\\/cropped-schoeler_micke_partner_blue.png\",\"contentUrl\":\"https:\\\/\\\/www.tt-experten.de\\\/wp-content\\\/uploads\\\/2024\\\/03\\\/cropped-schoeler_micke_partner_blue.png\",\"width\":160,\"height\":110,\"caption\":\"TT-Experten Ro\u00dfkopf & Wei\u00dfbach\"},\"image\":{\"@id\":\"https:\\\/\\\/www.tt-experten.de\\\/#\\\/schema\\\/logo\\\/image\\\/\"},\"sameAs\":[\"https:\\\/\\\/www.facebook.com\\\/ttexpertenkoeln\",\"https:\\\/\\\/www.instagram.com\\\/tt.experten.rosskopf.weissbach\\\/\"]}]}<\/script>\n<!-- \/ Yoast SEO plugin. -->","yoast_head_json":{"title":"Impressum - TT-Experten Ro\u00dfkopf &amp; Wei\u00dfbach","description":"Impressum","robots":{"index":"index","follow":"follow","max-snippet":"max-snippet:-1","max-image-preview":"max-image-preview:large","max-video-preview":"max-video-preview:-1"},"canonical":"https:\/\/www.tt-experten.de\/index.php\/impressum\/","og_locale":"de_DE","og_type":"article","og_title":"Impressum - TT-Experten Ro\u00dfkopf &amp; Wei\u00dfbach","og_description":"Impressum","og_url":"https:\/\/www.tt-experten.de\/index.php\/impressum\/","og_site_name":"TT-Experten Ro\u00dfkopf &amp; Wei\u00dfbach","article_publisher":"https:\/\/www.facebook.com\/ttexpertenkoeln","article_modified_time":"2024-07-04T13:40:56+00:00","twitter_card":"summary_large_image","twitter_misc":{"Gesch\u00e4tzte Lesezeit":"3\u00a0Minuten"},"schema":{"@context":"https:\/\/schema.org","@graph":[{"@type":"WebPage","@id":"https:\/\/www.tt-experten.de\/index.php\/impressum\/","url":"https:\/\/www.tt-experten.de\/index.php\/impressum\/","name":"Impressum - TT-Experten Ro\u00dfkopf &amp; Wei\u00dfbach","isPartOf":{"@id":"https:\/\/www.tt-experten.de\/#website"},"datePublished":"2024-06-22T13:15:45+00:00","dateModified":"2024-07-04T13:40:56+00:00","description":"Impressum","breadcrumb":{"@id":"https:\/\/www.tt-experten.de\/index.php\/impressum\/#breadcrumb"},"inLanguage":"de","potentialAction":[{"@type":"ReadAction","target":["https:\/\/www.tt-experten.de\/index.php\/impressum\/"]}]},{"@type":"BreadcrumbList","@id":"https:\/\/www.tt-experten.de\/index.php\/impressum\/#breadcrumb","itemListElement":[{"@type":"ListItem","position":1,"name":"Home","item":"https:\/\/www.tt-experten.de\/"},{"@type":"ListItem","position":2,"name":"Impressum"}]},{"@type":"WebSite","@id":"https:\/\/www.tt-experten.de\/#website","url":"https:\/\/www.tt-experten.de\/","name":"TT-Experten Ro\u00dfkopf & Wei\u00dfbach","description":"Tischtennis f\u00fcr Alle","publisher":{"@id":"https:\/\/www.tt-experten.de\/#organization"},"alternateName":"TT-Experten","potentialAction":[{"@type":"SearchAction","target":{"@type":"EntryPoint","urlTemplate":"https:\/\/www.tt-experten.de\/?s={search_term_string}"},"query-input":{"@type":"PropertyValueSpecification","valueRequired":true,"valueName":"search_term_string"}}],"inLanguage":"de"},{"@type":"Organization","@id":"https:\/\/www.tt-experten.de\/#organization","name":"TT-Experten Ro\u00dfkopf & Wei\u00dfbach","url":"https:\/\/www.tt-experten.de\/","logo":{"@type":"ImageObject","inLanguage":"de","@id":"https:\/\/www.tt-experten.de\/#\/schema\/logo\/image\/","url":"https:\/\/www.tt-experten.de\/wp-content\/uploads\/2024\/03\/cropped-schoeler_micke_partner_blue.png","contentUrl":"https:\/\/www.tt-experten.de\/wp-content\/uploads\/2024\/03\/cropped-schoeler_micke_partner_blue.png","width":160,"height":110,"caption":"TT-Experten Ro\u00dfkopf & Wei\u00dfbach"},"image":{"@id":"https:\/\/www.tt-experten.de\/#\/schema\/logo\/image\/"},"sameAs":["https:\/\/www.facebook.com\/ttexpertenkoeln","https:\/\/www.instagram.com\/tt.experten.rosskopf.weissbach\/"]}]}},"_links":{"self":[{"href":"https:\/\/www.tt-experten.de\/index.php\/wp-json\/wp\/v2\/pages\/201","targetHints":{"allow":["GET"]}}],"collection":[{"href":"https:\/\/www.tt-experten.de\/index.php\/wp-json\/wp\/v2\/pages"}],"about":[{"href":"https:\/\/www.tt-experten.de\/index.php\/wp-json\/wp\/v2\/types\/page"}],"author":[{"embeddable":true,"href":"https:\/\/www.tt-experten.de\/index.php\/wp-json\/wp\/v2\/users\/1"}],"replies":[{"embeddable":true,"href":"https:\/\/www.tt-experten.de\/index.php\/wp-json\/wp\/v2\/comments?post=201"}],"version-history":[{"count":4,"href":"https:\/\/www.tt-experten.de\/index.php\/wp-json\/wp\/v2\/pages\/201\/revisions"}],"predecessor-version":[{"id":283,"href":"https:\/\/www.tt-experten.de\/index.php\/wp-json\/wp\/v2\/pages\/201\/revisions\/283"}],"wp:attachment":[{"href":"https:\/\/www.tt-experten.de\/index.php\/wp-json\/wp\/v2\/media?parent=201"}],"curies":[{"name":"wp","href":"https:\/\/api.w.org\/{rel}","templated":true}]}}